*2 + 7 - 4 - 3*d**3. Let z(y) = -3*o(y) - 2*p(y). Determine z(2).
5
Let k(g) = g**3 + 9*g**2 - 11*g - 4. Let x be k(-10). Let q(y) = -y**2 + 5*y - 2. Give q(x).
-8
Let y(r) = -r**3 + 6*r**2 - 4*r - 3. Suppose 32 = -3*i + 47. Determine y(i).
2
Let u(j) = -5*j + 12*j - 6*j. Give u(7).
7
Let v(w) = -7*w - 9. Let p(r) be the second derivative of r**3 + 4*r**2 - 4*r. Let u(t) = -6*p(t) - 5*v(t). Let b be (2/3)/(2/(-6)). Give u(b).
-1
Let o(u) = -3*u + 23. Let r(c) = c - 8. Let q(a) = 3*o(a) + 8*r(a). Determine q(7).
-2
Let w(n) = -n**2 + 8*n - 7. Let s be w(6). Suppose 2*q = s - 3. Let c(u) = 5*u**2 - 2*u + 1. Give c(q).
4
Let h(c) = -c**3 - 5*c**2 + 7*c. Let t be ((-2)/(-6))/(3/54). Suppose -3*a = -t - 12. Let i be (-34)/a + (-2)/6. Calculate h(i).
-6
Let o(c) = -c**2 - 4*c + 5. Suppose -2*j + 2*n = 10, -5*j = -4*j + 3*n + 9. Determine o(j).
-7
Let c(n) = n**3 + 4*n**2 - 1. Let j be c(-4). Let p = 0 - 0. Let x(o) = -5*o + 4 - 4 + p. What is x(j)?
5
Let f(r) be the second derivative of 2*r**5/5 - r**3/6 - r. Suppose -k - 2*a = -12, -3*k - 4*a = -6*k - 4. Suppose 7*u + 3 = k*u. What is f(u)?
-7
Let q(m) = m + 1 - 13*m + 13*m. Let g(x) = -x - 4. Let o be g(0). Calculate q(o).
-3
Let h(g) = g**2 + 5*g + 3. Let i = 2 - 8. Let d = 12 + i. Suppose 2*q + d = -0. What is h(q)?
-3
Let o(a) = a**3 - 2*a**2 + 4*a - 2. Let t be o(2). Let i(w) = w**2 - 5*w + 3. Give i(t).
9
Let m = -13 + 3. Let v(h) = h + 9. Let j be v(m). Let y(a) be the second derivative of -7*a**4/12 + a**2/2 - a. Give y(j).
-6
Suppose 4*b + 16 = -0. Let x be -1 - -3 - b*2. Let w = -6 + x. Let c(u) = -u**2 + 6*u - 3. Determine c(w).
5
Let y(o) be the first derivative of -o**4/2 + o**3/3 - o**2 + o + 13. Determine y(2).
-15
Let l(a) = -24 + 10 + a + 8 + 2. Determine l(3).
-1
Let w(i) = i**2 + 9*i + 17. Let l be w(-7). Suppose l*b + 1 = 2*p - 7, 4*b + p + 7 = 0. Let v(o) = o**2 + 3*o + 2. Determine v(b).
0
Let h(t) = 3*t**2 + 3*t + 2. Let q be (-515)/75 + 6/(-45). Let m be (-1)/2*(q - -11). Determine h(m).
8
Let z(c) = c**2 - 11*c + 5. Let a(d) = -d. Let g(t) = -4*a(t) + z(t). Let b = -8 + 13. Determine g(b).
-5
Let w(x) be the second derivative of x**3/6 + 7*x**2/2 - 3*x. Let h be w(-6). Let c(y) = -2. Let f(k) = k - 1. Let r(v) = c(v) - 3*f(v). Calculate r(h).
-2
Let a(q) = q**3 + 4*q**2 + 2*q - 2. Suppose 5 = y + w + w, 5*y + 2*w + 7 = 0. Give a(y).
1
Let m(t) = -2*t**2 - 1 + 3*t**2 + 1. Let l(x) = -6*x**2 - 2*x. Let d(r) = l(r) + 5*m(r). Calculate d(-2).
0
Suppose 6 = -3*m, -7 = 3*k + m - 11. Let j(c) = -c**2. Calculate j(k).
-4
Suppose 4*u = -2*v - 18, -4*u - 26 = -v - 5. Let o(x) = 7*x**3 - x**2 + x - 6. Let w(l) = -7*l**3 + l**2 - l + 5. Let c(i) = 5*o(i) + 6*w(i). What is c(v)?
-7
Let v be 74/14 - (-6)/(-21). Let c(m) = -8 + v*m + 8. Calculate c(-1).
-5
Let x be -10 - 1*(-1 - 0). Let n = x - -5. Let m(j) = 4 + 0 + 3*j - 2*j. What is m(n)?
0
Let g(i) be the first derivative of -i**5/20 - 5*i**4/12 + i**3/6 - 2*i - 6. Let a(z) be the first derivative of g(z). What is a(-5)?
-5
Suppose -2*c + 6 = -x, -c = 2*x - 0*c - 3. Let q(b) = -2 + 8 + b - 6. Determine q(x).
0
Let p be (-48)/21 - 4/(-14). Let h(g) = -3*g - 2. Calculate h(p).
4
Suppose -4*v - v + 4*p - 56 = 0, 5*v + 5*p = -20. Let d(g) = -g**3 - 8*g**2 - 4. Give d(v).
-4
Let n(t) = 2*t - t + 2*t - 3 - 2*t. Let f(b) = 3*b**2 + 4*b + 2. Let r be f(-2). Determine n(r).
3
Let s(j) be the first derivative of -j**4/4 + 5*j**3/3 - 3*j**2/2 + 7*j + 21. Calculate s(5).
-8
Suppose 37 = -4*n - 5*p, 0 = -4*n - n + 3*p. Let v(c) = 1 - c + 45*c**2 - 48*c**2 - 2*c - c**3. What is v(n)?
10
Let s(c) = -c**3 - 6*c**2 - c - 4. Let v be (-2)/(-2) + 2/1. Let b(t) = -t - 3. Let r be b(v). Calculate s(r).
2
Let s(i) = i**3 + i**2 + 8*i**2 - 3*i**2. What is s(-6)?
0
Let v(h) = -h**3 + 5*h**2 - 2*h - 3. Let k be 16/8*(-3)/(-2). What is v(k)?
9
Suppose 8 = -0*l - 4*l. Let h(m) = m**3 - 2*m. Calculate h(l).
-4
Let p(j) be the second derivative of 1/6*j**3 - 5*j + 0*j**2 + 0. Calculate p(0).
0
Suppose -3*q = 3*b - 12, q + b - 16 = -4*q. Suppose 0 = q*f + 3*i - 21, -f + 0 = 5*i - 19. Let a(y) = y + 5. What is a(f)?
9
Let y(u) be the second derivative of u**4/24 + 5*u**3/6 - 2*u**2 - 6*u. Let l(a) be the first derivative of y(a). Give l(-5).
0
Let a = -19 - -21. Let y(k) = -2*k**3 + 9*k - 2*k + 2 - a*k**2 + 3*k**3 - 5*k**2. Give y(6).
8
Let c(a) = a**3 + a**2 - 2*a + 3. Let s be c(-3). Let f = s + 8. Let u(w) = 1 - 2*w**3 - 6*w**2 + 3*w**2 + w**2. Calculate u(f).
1
Let y(s) = s - 4. Let p(t) = -t**2 - t - 1. Let r be p(4). Let q be (28/r)/(2/(-9)). What is y(q)?
2
Let s(g) = -20 + 11 + 10 - 7*g**2 + g**3 - 2*g**3. Calculate s(-7).
1
Let i(p) be the first derivative of p**4/24 + p**3/2 + p**2 + 2. Let k(a) be the second derivative of i(a). Suppose 4*m = 3*z - 12, 2*m - 4 = -10. What is k(z)?
3
Let z(l) be the third derivative of -l**5/60 + l**4/12 + 2*l**3/3 + 22*l**2. What is z(4)?
-4
Let x = -15 - -8. Let i be (x + 8)/(1/2). Let n(g) = -4*g + 1. Calculate n(i).
-7
Let q(m) = 0*m - 3*m**2 + 4*m**2 + 1 - 7*m. Suppose -4*u = -8*u + 20. What is q(u)?
-9
Let z(l) = -11*l - 2. Let v(x) = 10*x + 1. Let m(p) = -4*v(p) - 3*z(p). Let u be m(1). Let t(o) = -2*o - 6. What is t(u)?
4
Let m(w) = 3*w - 5*w**2 - w**3 - 4 + 2*w**2 + 6*w**2. Let k be 240/72 + 1/(-3). Calculate m(k).
5
Let t(o) = o**3 + 8*o**2 - 3*o - 10. Let u(h) = h**3 + 7*h**2 - 4*h - 9. Let i(a) = 2*t(a) - 3*u(a). What is i(-6)?
7
Let x(v) = 2*v + 1. Let h be (5 - 5)/((-1)/(-1)). Suppose z + 2*i - 5 = 0, h = -2*i - 0*i + 8. Determine x(z).
-5
Let p(q) = -q**3 - q**2. Let x(s) be the third derivative of s**6/24 + 7*s**5/60 + s**3/6 - 6*s**2. Let z(u) = 4*p(u) + x(u). Let a = 0 - 3. Determine z(a).
1
Let j(l) = l**2. Suppose 22 - 20 = 2*f. Give j(f).
1
Let b(c) = -c**2 + 6*c + 5. Suppose 5*n - 2*y = 20, 2 - 18 = -4*n + y. Let g(u) = u + 1. Let s be g(n). What is b(s)?
10
Let v(x) = x + 3. Let a be v(-3). Let h(p) = 5*p. Let n(t) be the first derivative of 11*t**2/2 + t - 1. Let c(q) = -13*h(q) + 6*n(q). Give c(a).
6
Let o be (-16)/(-3)*(-15)/(-10). Suppose -3*a - o = -5*a. Let c(h) = -h**2 + 2*h. Give c(a).
-8
Let z = 11 + -9. Suppose 4*k = 3*k + z. Let t(g) = -4*g**2 - 2*g - 1. Let p(l) = 5*l**2 + 2*l + 1. Let j(h) = -3*p(h) - 4*t(h). Give j(k).
9
Let b(s) be the first derivative of -s**4/4 + 4*s**3/3 - 3*s**2/2 + 2*s + 1. Suppose 7*a + 5*f - 5 = 2*a, 0 = 2*a + 3*f. Determine b(a).
2
Let b(w) be the third derivative of 1/30*w**5 + 0 + 1/6*w**3 + 2*w**2 + 0*w + 1/24*w**4. Calculate b(-2).
7
Suppose -2*u - 2*u + 8 = 0. Let i(l) = 7*l - 14*l**2 - 1 - 4 + l**3 + 7*l**u. Give i(6).
1
Suppose 4*m - 2*m = -3*m. Let b(o) be the second derivative of 0*o**3 + 0 + 1/3*o**4 + m*o**2 - 2*o. Calculate b(-1).
4
Let z(a) = 7*a + 17. Suppose 28 = 3*h - p + 10, -4*h - 2*p + 14 = 0. Let j(q) = -4*q - 9. Let d(u) = h*j(u) + 3*z(u). What is d(0)?
6
Let u(o) = -9*o - 9. Let f(m) = -5*m - 5. Let d(s) = -11*f(s) + 6*u(s). Let z(r) = -5*r - 1. Let i(q) = -6*d(q) - z(q). Give i(-6).
1
Let u(p) = -9*p**2 + 3. Let k(c) = -28*c**2 + 10. Let x(g) = 3*k(g) - 10*u(g). Determine x(-1).
6
Let h be -2*(-1 + -3 + 2). Let l(g) = 2 + 2*g - 5*g - h. Let y(x) = -x - 1. Let o(f) = l(f) - 4*y(f). What is o(-3)?
-1
Let h be (16/12)/(6/(-9)). Let n(g) = g**2 - 3*g - 3. Determine n(h).
7
Let s(o) = -o - 23. Let t(j) = -11. Let v(z) = 6*s(z) - 13*t(z). Let r(c) = -c + 1. Let y(x) = 11*r(x) - 2*v(x). What is y(-3)?
-2
Let m(o) = 3*o. Let y be -2 - -1 - 0/(-3). Calculate m(y).
-3
Suppose 2*c - 2*m - 4 = 0, -3*m = -5*m + 4. Suppose 0 - 2 = -c*i - 2*u, -4*i - u = -7. Suppose 0 = t - 2*t + i. Let o(d) = -5*d + 3. Give o(t).
-12
Suppose 7*g + 6*g = 0. Let m(q) be the second derivative of g - 1/20*q**5 + 1/2*q**2 + 2*q + 1/12*q**4 + 1/3*q**3. Calculate m(2).
1
Let b(x) be the second derivative of 0 - 2*x + x**2 - 1/6*x**4 - 1/3*x**3. Calculate b(-2).
-2
Let v(w) = -2*w**3 + 3*w**2 - 1. Suppose -3*p - 9 = 0, -f - 1 = -4*p + 1. Let i be (-24)/f - 6/(-21). Suppose -4 = -0*b - i*b. Give v(b).
-5
Suppose -4*h = -2*h. Suppose 20 = -2*q + 7*q. Suppose -y + 3 - 2 = -z, h = 2*y + q*z + 10. Let a(o) = 3*o**3 + o**2 + o + 1. Determine a(y).
-2
Suppose 0*i - 4*a = i + 12, 0 = -2*i - a - 31. Let z be (i/(-40))/((-2)/(-5)). Let p(k) = 11*k**3 + k**2. Determine p(z).
12
Let 